{"id":249,"date":"2020-11-27T12:04:48","date_gmt":"2020-11-27T15:04:48","guid":{"rendered":"https:\/\/hugoribeiro.com.br\/?page_id=249"},"modified":"2020-11-27T12:04:48","modified_gmt":"2020-11-27T15:04:48","slug":"gravacoes","status":"publish","type":"page","link":"https:\/\/hugoribeiro.com.br\/index.php\/gravacoes\/","title":{"rendered":"Grava\u00e7\u00f5es"},"content":{"rendered":"\n<p>Nesta p\u00e1gina voc\u00eas v\u00e3o encontrar algumas das grava\u00e7\u00f5es que fiz h\u00e1 muito tempo&#8230;<\/p>\n\n\n\n<figure class=\"wp-block-table\"><table><tbody><tr><th><strong>File<\/strong><\/th><th><strong>Size<\/strong><\/th><\/tr><tr><td><a href=\"https:\/\/hugoribeiro.com.br\/antiga\/download-gravacoes\/a_night_in_tunisia.mp3\">a_night_in_tunisia.mp3<\/a><\/td><td>2,264&nbsp;K<\/td><\/tr><tr><td><a href=\"https:\/\/hugoribeiro.com.br\/antiga\/download-gravacoes\/about_you.mp3\">about_you.mp3<\/a><\/td><td>2,477&nbsp;K<\/td><\/tr><tr><td><a href=\"https:\/\/hugoribeiro.com.br\/antiga\/download-gravacoes\/about.mp3\">about.mp3<\/a><\/td><td>1,648&nbsp;K<\/td><\/tr><tr><td><a href=\"https:\/\/hugoribeiro.com.br\/antiga\/download-gravacoes\/alla_turca.mp3\">alla_turca.mp3<\/a><\/td><td>4,183&nbsp;K<\/td><\/tr><tr><td><a href=\"https:\/\/hugoribeiro.com.br\/antiga\/download-gravacoes\/arthur_e_o_gigante.mp3\">arthur_e_o_gigante.mp3<\/a><\/td><td>1,800&nbsp;K<\/td><\/tr><tr><td><a href=\"https:\/\/hugoribeiro.com.br\/antiga\/download-gravacoes\/auntum_leaves.mp3\">auntum_leaves.mp3<\/a><\/td><td>1,537&nbsp;K<\/td><\/tr><tr><td><a href=\"https:\/\/hugoribeiro.com.br\/antiga\/download-gravacoes\/blues.mp3\">blues.mp3<\/a><\/td><td>1,720&nbsp;K<\/td><\/tr><tr><td><a href=\"https:\/\/hugoribeiro.com.br\/antiga\/download-gravacoes\/dama_da_noite.mp3\">dama_da_noite.mp3<\/a><\/td><td>1,562&nbsp;K<\/td><\/tr><tr><td><a href=\"https:\/\/hugoribeiro.com.br\/antiga\/download-gravacoes\/danca_da_lua.mp3\">danca_da_lua.mp3<\/a><\/td><td>2,987&nbsp;K<\/td><\/tr><tr><td><a href=\"https:\/\/hugoribeiro.com.br\/antiga\/download-gravacoes\/entre_o_sonho_e_o_real.mp3\">entre_o_sonho_e_o_real.mp3<\/a><\/td><td>1,509&nbsp;K<\/td><\/tr><tr><td><a href=\"https:\/\/hugoribeiro.com.br\/antiga\/download-gravacoes\/funk.mp3\">funk.mp3<\/a><\/td><td>1,158&nbsp;K<\/td><\/tr><tr><td><a href=\"https:\/\/hugoribeiro.com.br\/antiga\/download-gravacoes\/incompatibilidade_de_genios.mp3\">incompatibilidade_de_genios.mp3<\/a><\/td><td>3,028&nbsp;K<\/td><\/tr><tr><td><a href=\"https:\/\/hugoribeiro.com.br\/antiga\/download-gravacoes\/miguel_3.mp3\">miguel_3.mp3<\/a><\/td><td>2,550&nbsp;K<\/td><\/tr><tr><td><a href=\"https:\/\/hugoribeiro.com.br\/antiga\/download-gravacoes\/miguel_4.mp3\">miguel_4.mp3<\/a><\/td><td>2,341&nbsp;K<\/td><\/tr><tr><td><a href=\"https:\/\/hugoribeiro.com.br\/antiga\/download-gravacoes\/miguel_7.mp3\">miguel_7.mp3<\/a><\/td><td>1,937&nbsp;K<\/td><\/tr><tr><td><a href=\"https:\/\/hugoribeiro.com.br\/antiga\/download-gravacoes\/miles.mp3\">miles.mp3<\/a><\/td><td>1,836&nbsp;K<\/td><\/tr><tr><td><a href=\"https:\/\/hugoribeiro.com.br\/antiga\/download-gravacoes\/moto_perpetuo.mp3\">moto_perpetuo.mp3<\/a><\/td><td>3,081&nbsp;K<\/td><\/tr><tr><td><a href=\"https:\/\/hugoribeiro.com.br\/antiga\/download-gravacoes\/powel.mp3\">powel.mp3<\/a><\/td><td>1,447&nbsp;K<\/td><\/tr><tr><td><a href=\"https:\/\/hugoribeiro.com.br\/antiga\/download-gravacoes\/quem_dera.mp3\">quem_dera.mp3<\/a><\/td><td>1,744&nbsp;K<\/td><\/tr><tr><td><a href=\"https:\/\/hugoribeiro.com.br\/antiga\/download-gravacoes\/so_what.mp3\">so_what.mp3<\/a><\/td><td>2,333&nbsp;K<\/td><\/tr><tr><td><a href=\"https:\/\/hugoribeiro.com.br\/antiga\/download-gravacoes\/teen_town_cleisson.mp3\">teen_town_cleisson.mp3<\/a><\/td><td>2,149&nbsp;K<\/td><\/tr><tr><td><a href=\"https:\/\/hugoribeiro.com.br\/antiga\/download-gravacoes\/teen_town_emanuel.mp3\">teen_town_emanuel.mp3<\/a><\/td><td>1,720&nbsp;K<\/td><\/tr><tr><td><a href=\"https:\/\/hugoribeiro.com.br\/antiga\/download-gravacoes\/texto-download-composicoes.php\">texto-download-composicoes.php<\/a><\/td><td>5&nbsp;K<\/td><\/tr><tr><td><a href=\"https:\/\/hugoribeiro.com.br\/antiga\/download-gravacoes\/texto-download-composicoes.php~\">texto-download-composicoes.php~<\/a><\/td><td>6&nbsp;K<\/td><\/tr><tr><td><a href=\"https:\/\/hugoribeiro.com.br\/antiga\/download-gravacoes\/the_chicken.mp3\">the_chicken.mp3<\/a><\/td><td>2,676&nbsp;K<\/td><\/tr><tr><td><a href=\"https:\/\/hugoribeiro.com.br\/antiga\/download-gravacoes\/vai.mp3\">vai.mp3<\/a><\/td><td>2,788&nbsp;K<\/td><\/tr><\/tbody><\/table><\/figure>\n","protected":false},"excerpt":{"rendered":"<p>Nesta p\u00e1gina voc\u00eas v\u00e3o encontrar algumas das grava\u00e7\u00f5es que fiz h\u00e1 muito tempo&#8230; File Size a_night_in_tunisia.mp3 2,264&nbsp;K about_you.mp3 2,477&nbsp;K about.mp3 1,648&nbsp;K alla_turca.mp3 4,183&nbsp;K arthur_e_o_gigante.mp3 1,800&nbsp;K auntum_leaves.mp3 1,537&nbsp;K blues.mp3 1,720&nbsp;K dama_da_noite.mp3 1,562&nbsp;K danca_da_lua.mp3 2,987&nbsp;K entre_o_sonho_e_o_real.mp3 1,509&nbsp;K funk.mp3 1,158&nbsp;K incompatibilidade_de_genios.mp3 3,028&nbsp;K miguel_3.mp3 2,550&nbsp;K miguel_4.mp3 2,341&nbsp;K miguel_7.mp3 1,937&nbsp;K miles.mp3 1,836&nbsp;K moto_perpetuo.mp3 3,081&nbsp;K powel.mp3 1,447&nbsp;K quem_dera.mp3 1,744&nbsp;K so_what.mp3 2,333&nbsp;K &hellip; <\/p>\n<p class=\"link-more\"><a href=\"https:\/\/hugoribeiro.com.br\/index.php\/gravacoes\/\" class=\"more-link\">Continue lendo<span class=\"screen-reader-text\"> &#8220;Grava\u00e7\u00f5es&#8221;<\/span><\/a><\/p>\n","protected":false},"author":1,"featured_media":0,"parent":0,"menu_order":0,"comment_status":"closed","ping_status":"closed","template":"","meta":{"_monsterinsights_skip_tracking":false,"_monsterinsights_sitenote_active":false,"_monsterinsights_sitenote_note":"","_monsterinsights_sitenote_category":0,"footnotes":""},"class_list":["post-249","page","type-page","status-publish","hentry"],"_links":{"self":[{"href":"https:\/\/hugoribeiro.com.br\/index.php\/wp-json\/wp\/v2\/pages\/249","targetHints":{"allow":["GET"]}}],"collection":[{"href":"https:\/\/hugoribeiro.com.br\/index.php\/wp-json\/wp\/v2\/pages"}],"about":[{"href":"https:\/\/hugoribeiro.com.br\/index.php\/wp-json\/wp\/v2\/types\/page"}],"author":[{"embeddable":true,"href":"https:\/\/hugoribeiro.com.br\/index.php\/wp-json\/wp\/v2\/users\/1"}],"replies":[{"embeddable":true,"href":"https:\/\/hugoribeiro.com.br\/index.php\/wp-json\/wp\/v2\/comments?post=249"}],"version-history":[{"count":1,"href":"https:\/\/hugoribeiro.com.br\/index.php\/wp-json\/wp\/v2\/pages\/249\/revisions"}],"predecessor-version":[{"id":250,"href":"https:\/\/hugoribeiro.com.br\/index.php\/wp-json\/wp\/v2\/pages\/249\/revisions\/250"}],"wp:attachment":[{"href":"https:\/\/hugoribeiro.com.br\/index.php\/wp-json\/wp\/v2\/media?parent=249"}],"curies":[{"name":"wp","href":"https:\/\/api.w.org\/{rel}","templated":true}]}}