{"id":29,"date":"2020-11-27T10:47:24","date_gmt":"2020-11-27T13:47:24","guid":{"rendered":"https:\/\/hugoribeiro.com.br\/index.php\/colibri-wp\/"},"modified":"2021-09-28T19:05:03","modified_gmt":"2021-09-28T22:05:03","slug":"inicial-2","status":"publish","type":"page","link":"https:\/\/hugoribeiro.com.br\/","title":{"rendered":"Inicial"},"content":{"rendered":"\n<p>Bem vindos ao meu site. Aqui tem muitos arquivos para te ajudar a estudar m\u00fasica. Tem, tamb\u00e9m, algumas composi\u00e7\u00f5es e textos meus, al\u00e9m de grava\u00e7\u00f5es que fiz ao longo de minha carreira como instrumentista. Divirta-se.<\/p>\n\n\n\n<p>Para saber um pouco mais sobre minha hist\u00f3ria na cena rock de Aracaju, assista essa entrevista que concedi: <a href=\"https:\/\/youtu.be\/wqd_VcA6_c8\" target=\"_blank\" rel=\"noreferrer noopener\">HUGO RIBEIRO em Tchandala Talk!<\/a> &#8211; entrevistado por Dejair Benjamim.<\/p>\n\n\n\n<p>J\u00e1 ouviu o <a href=\"http:\/\/musicoide.unb.br\/\" target=\"_blank\" rel=\"noreferrer noopener\">Musicoide<\/a> hoje?<\/p>\n","protected":false},"excerpt":{"rendered":"<p>Bem vindos ao meu site. Aqui tem muitos arquivos para te ajudar a estudar m\u00fasica. Tem, tamb\u00e9m, algumas composi\u00e7\u00f5es e textos meus, al\u00e9m de grava\u00e7\u00f5es que fiz ao longo de minha carreira como instrumentista. Divirta-se. Para saber um pouco mais sobre minha hist\u00f3ria na cena rock de Aracaju, assista essa entrevista que concedi: HUGO RIBEIRO &hellip; <\/p>\n<p class=\"link-more\"><a href=\"https:\/\/hugoribeiro.com.br\/\" class=\"more-link\">Continue lendo<span class=\"screen-reader-text\"> &#8220;Inicial&#8221;<\/span><\/a><\/p>\n","protected":false},"author":1,"featured_media":0,"parent":0,"menu_order":0,"comment_status":"closed","ping_status":"closed","template":"","meta":{"_monsterinsights_skip_tracking":false,"_monsterinsights_sitenote_active":false,"_monsterinsights_sitenote_note":"","_monsterinsights_sitenote_category":0,"footnotes":""},"class_list":["post-29","page","type-page","status-publish","hentry"],"_links":{"self":[{"href":"https:\/\/hugoribeiro.com.br\/index.php\/wp-json\/wp\/v2\/pages\/29","targetHints":{"allow":["GET"]}}],"collection":[{"href":"https:\/\/hugoribeiro.com.br\/index.php\/wp-json\/wp\/v2\/pages"}],"about":[{"href":"https:\/\/hugoribeiro.com.br\/index.php\/wp-json\/wp\/v2\/types\/page"}],"author":[{"embeddable":true,"href":"https:\/\/hugoribeiro.com.br\/index.php\/wp-json\/wp\/v2\/users\/1"}],"replies":[{"embeddable":true,"href":"https:\/\/hugoribeiro.com.br\/index.php\/wp-json\/wp\/v2\/comments?post=29"}],"version-history":[{"count":2,"href":"https:\/\/hugoribeiro.com.br\/index.php\/wp-json\/wp\/v2\/pages\/29\/revisions"}],"predecessor-version":[{"id":366,"href":"https:\/\/hugoribeiro.com.br\/index.php\/wp-json\/wp\/v2\/pages\/29\/revisions\/366"}],"wp:attachment":[{"href":"https:\/\/hugoribeiro.com.br\/index.php\/wp-json\/wp\/v2\/media?parent=29"}],"curies":[{"name":"wp","href":"https:\/\/api.w.org\/{rel}","templated":true}]}}