{"id":412,"date":"2021-02-09T17:52:11","date_gmt":"2021-02-09T20:52:11","guid":{"rendered":"https:\/\/hugoribeiro.com.br\/?page_id=412"},"modified":"2021-02-09T17:52:11","modified_gmt":"2021-02-09T20:52:11","slug":"unb-harmonia-1-2020-2","status":"publish","type":"page","link":"https:\/\/hugoribeiro.com.br\/index.php\/unb-harmonia-1-2020-2\/","title":{"rendered":"Harmonia 1 (2020\/2)"},"content":{"rendered":"\n<h3 class=\"wp-block-heading\">Universidade de Bras\u00edlia &#8211; Departamento de M\u00fasica<\/h3>\n\n\n\n<h3 class=\"wp-block-heading\">PLANO DE CURSO<\/h3>\n\n\n\n<p><strong>Disciplina:<\/strong>144088 &#8211; Harmonia Superior I<br><strong>Semestre:<\/strong> 2020\/2 <strong>Hor\u00e1rio Diurno:<\/strong> Segunda e Quarta, das 10:00 \u00e0s 12:00<br><strong>Cr:<\/strong> 04 <strong>CH:<\/strong> 60 <strong>T-P-E-E:<\/strong> 4.0.0.4 <strong>Pr\u00e9-requisito:<\/strong> &#8211;<br><strong>Professor:<\/strong> Prof. Dr. Hugo L. Ribeiro &lt;hugoleo75@gmail.com><br><\/p>\n\n\n\n<h3 class=\"wp-block-heading\">1 Ementa<\/h3>\n\n\n\n<p>O curso de Harmonia Superior I tem por objetivo o estudo da estrutura, organiza\u00e7\u00e3o e l\u00f3gica da harmonia tonal b\u00e1sica atrav\u00e9s da constru\u00e7\u00e3o e identifica\u00e7\u00e3o das tr\u00edades, t\u00e9trades e encadeamentos harm\u00f4nicos.<\/p>\n\n\n\n<h3 class=\"wp-block-heading\">2 Objetivos<\/h3>\n\n\n\n<p>Proporcionar contato em termos hist\u00f3ricos com a m\u00fasica europ\u00e9ia e o seu contexto cultural do in\u00edcio do Per\u00edodo da Pr\u00e1tica Comum;<br>Refletir sobre as semelhan\u00e7as e diferen\u00e7as entre a m\u00fasica tonal barroca e a m\u00fasica modal (ou pr\u00e9-tonal) renascentista;<br>Desenvolver a capacidade de analisar a harmonia de obras musicais utilizando a an\u00e1lise tradicional, funcional e cifras populares;<br>Reconhecer os diferentes tipos de movimentos mel\u00f3dicos entre as vozes;<br>Desenvolver a capacidade de identificar movimentos mel\u00f3dicos\/harm\u00f4nicos n\u00e3o caracter\u00edsticos da m\u00fasica tonal;<br>Compor e harmonizar pequenas melodias tonais;<br>Fazer arranjos para grupos vocais e\/ou instrumentais utilizando a t\u00e9cnica de encadeamento de vozes;<br>Desenvolver a capacidade de identificar e classificar notas mel\u00f3dicas;<br>Desenvolver a capacidade de fazer uma an\u00e1lise mel\u00f3dica e harm\u00f4nica de pequenos trechos de obras musicais.<\/p>\n\n\n\n<h3 class=\"wp-block-heading\">3 Conte\u00fado Program\u00e1tico<\/h3>\n\n\n\n<p>Caracter\u00edsticas da m\u00fasica tonal Revis\u00e3o de tr\u00edades e t\u00e9trades<br>Campo harm\u00f4nico maior e menor<br>S\u00edmbolos anal\u00edticos<br>\u00a0 \u00a0 \u00a0 An\u00e1lise tradicional (graus e baixo cifrado)<br>\u00a0 \u00a0 \u00a0 An\u00e1lise funcional<br>\u00a0 \u00a0 \u00a0 Cifras populares<br>Invers\u00f5es de acordes<br>Motivos, frases e per\u00edodos mel\u00f3dicos<br>Cad\u00eancias harm\u00f4nicas, suas caracter\u00edsticas e classifica\u00e7\u00f5es<br>Cad\u00eancia aut\u00eantica<br>\u00a0 \u00a0 \u00a0 Cad\u00eancia plagal<br>\u00a0 \u00a0 \u00a0 Cad\u00eancia de engano<br>\u00a0 \u00a0 \u00a0 Meia cad\u00eancia<br>Constru\u00e7\u00e3o da linha mel\u00f3dica sob uma base harm\u00f4nica<br>Progress\u00e3o harm\u00f4nica<br>Dominantes secund\u00e1rias<\/p>\n\n\n\n<p>Informa\u00e7\u00f5es mais espec\u00edficas sobre cada um desses conte\u00fados ser\u00e1 disponiblizado, aos poucos na p\u00e1gina <a href=\"https:\/\/hugoribeiro.com.br\/antiga\/COM\/Harmonia-1.php\" target=\"_blank\" rel=\"noreferrer noopener\">Curso Online de M\u00fasica &#8211; Harmonia 1<\/a>.<\/p>\n\n\n\n<h3 class=\"wp-block-heading\">6 Cronograma e bibliografia para 2020\/2<\/h3>\n\n\n\n<h3 class=\"wp-block-heading\">Encontro 1<\/h3>\n\n\n\n<figure class=\"wp-block-image\"><img decoding=\"async\" src=\"https:\/\/aprender3.unb.br\/draftfile.php\/1889\/user\/draft\/778622281\/Capa-curso.png\" alt=\"Departamento de M\u00fasica da UnB - Harmonia Tonal 1\"\/><\/figure>\n\n\n\n<h4 class=\"wp-block-heading\">Introdu\u00e7\u00e3o<\/h4>\n\n\n\n<p>O curso de Harmonia Superior I tem por objetivo o estudo da estrutura, organiza\u00e7\u00e3o e l\u00f3gica da harmonia tonal b\u00e1sica atrav\u00e9s da constru\u00e7\u00e3o e identifica\u00e7\u00e3o das tr\u00edades, t\u00e9trades e encadeamentos harm\u00f4nicos.<\/p>\n\n\n\n<p>KOSTKA, Stefan e PAYNE, Dorothy. Harmonia Tonal. Traduzido a partir da Sexta Edi\u00e7\u00e3o, de 2008 por Hugo L. Ribeiro, Jamary Oliveira e Ricardo Bordini. \u00daltima atualiza\u00e7\u00e3o: 19 mar\u00e7o 2020.<br>Pode ser baixado como um \u00fanico arquivo PDF, ou por partes.<br><a href=\"https:\/\/hugoribeiro.com.br\/biblioteca-digital\/kostka_Payne-Harmonia_Tonal.pdf\" target=\"_blank\" rel=\"noreferrer noopener\">Livro completo &#8211; 28 cap\u00edtulos e 490 p\u00e1ginas (240MB)<\/a><br><a href=\"https:\/\/hugoribeiro.com.br\/biblioteca-digital\/kostka_Payne-Harmonia_Tonal-Cap-01-20.pdf\" target=\"_blank\" rel=\"noreferrer noopener\">Livro completo do cap\u00edtulo 1 ao 20 (86 MB)<\/a><br><a href=\"https:\/\/hugoribeiro.com.br\/biblioteca-digital\/kostka_Payne-Harmonia_Tonal-Cap-21.pdf\" target=\"_blank\" rel=\"noreferrer noopener\">Parte Cinco &#8211; Cap\u00edtulo 21 (1,6 MB)<\/a><br><a href=\"https:\/\/hugoribeiro.com.br\/biblioteca-digital\/kostka_Payne-Harmonia_Tonal-Cap-22.pdf\" target=\"_blank\" rel=\"noreferrer noopener\">Parte Cinco &#8211; Cap\u00edtulo 22 (4,4 MB)<\/a><br><a href=\"https:\/\/hugoribeiro.com.br\/biblioteca-digital\/kostka_Payne-Harmonia_Tonal-Cap-23.pdf\" target=\"_blank\" rel=\"noreferrer noopener\">Parte Cinco &#8211; Cap\u00edtulo 23 (19,4 MB)<\/a><br><a href=\"https:\/\/hugoribeiro.com.br\/biblioteca-digital\/kostka_Payne-Harmonia_Tonal-Cap-24.pdf\" target=\"_blank\" rel=\"noreferrer noopener\">Parte Cinco &#8211; Cap\u00edtulo 24 (13,6 MB)<\/a><br><a href=\"https:\/\/hugoribeiro.com.br\/antiga\/biblioteca-digital\/kostka_Payne-Harmonia_Tonal-Cap-25.pdf\" target=\"_blank\" rel=\"noreferrer noopener\">Parte Cinco &#8211; Cap\u00edtulo 25 <\/a><a href=\"https:\/\/hugoribeiro.com.br\/biblioteca-digital\/kostka_Payne-Harmonia_Tonal-Cap-25.pdf\" target=\"_blank\" rel=\"noreferrer noopener\">(<\/a><a href=\"https:\/\/hugoribeiro.com.br\/antiga\/biblioteca-digital\/kostka_Payne-Harmonia_Tonal-Cap-25.pdf\" target=\"_blank\" rel=\"noreferrer noopener\">28,4 MB)<\/a><br><a href=\"https:\/\/hugoribeiro.com.br\/biblioteca-digital\/kostka_Payne-Harmonia_Tonal-Cap-26.pdf\" target=\"_blank\" rel=\"noreferrer noopener\">Parte Cinco &#8211; Cap\u00edtulo 26 (33,2 MB)<\/a><br><a href=\"https:\/\/hugoribeiro.com.br\/biblioteca-digital\/kostka_Payne-Harmonia_Tonal-Cap-27.pdf\" target=\"_blank\" rel=\"noreferrer noopener\">Parte Cinco &#8211; Cap\u00edtulo 27 (24,6 MB)<\/a><br><a href=\"https:\/\/hugoribeiro.com.br\/biblioteca-digital\/kostka_Payne-Harmonia_Tonal-Cap-28.pdf\" target=\"_blank\" rel=\"noreferrer noopener\">Parte Cinco &#8211; Cap\u00edtulo 28 (23,3 MB)<\/a><br><a href=\"https:\/\/hugoribeiro.com.br\/biblioteca-digital\/kostka_Payne-Harmonia_Tonal-respostas_autotestes.pdf\" target=\"_blank\" rel=\"noreferrer noopener\">Ap\u00eandice D &#8211; Respostas autotestes<\/a><\/p>\n\n\n\n<p><a href=\"https:\/\/hugoribeiro.com.br\/biblioteca-digital\/Exercicio_Triades-01.pdf\" target=\"_blank\" rel=\"noreferrer noopener\">Exerc\u00edcio de Tr\u00edades 01 &#8211; Posi\u00e7\u00e3o fundamental (PDF)<\/a><br><a href=\"https:\/\/hugoribeiro.com.br\/biblioteca-digital\/Exercicio_Triades-01-Folha_resposta.pdf\" target=\"_blank\" rel=\"noreferrer noopener\">Folha de resposta (PDF)<\/a><br><a href=\"https:\/\/hugoribeiro.com.br\/biblioteca-digital\/Exercicio_Triades-01-Folha_resposta.odt\" target=\"_blank\" rel=\"noreferrer noopener\">Folha de resposta (ODT &#8211; Libreoffice)<\/a><br><a href=\"https:\/\/hugoribeiro.com.br\/biblioteca-digital\/Exercicio_Triades-01-Gabarito.pdf\" target=\"_blank\" rel=\"noreferrer noopener\">Gabarito (PDF)<\/a><\/p>\n\n\n\n<p><a href=\"https:\/\/hugoribeiro.com.br\/biblioteca-digital\/Exercicio_Triades-02.pdf\" target=\"_blank\" rel=\"noreferrer noopener\">Exerc\u00edcio de Tr\u00edades 02 &#8211; Primeira invers\u00e3o (PDF)<\/a><br><a href=\"https:\/\/hugoribeiro.com.br\/biblioteca-digital\/Exercicio_Triades-02-Folha_resposta.pdf\" target=\"_blank\" rel=\"noreferrer noopener\">Folha de resposta (PDF)<\/a><br><a href=\"https:\/\/hugoribeiro.com.br\/biblioteca-digital\/Exercicio_Triades-02-Folha_resposta.odt\" target=\"_blank\" rel=\"noreferrer noopener\">Folha de resposta (ODT &#8211; Libreoffice)<\/a><br><a href=\"https:\/\/hugoribeiro.com.br\/biblioteca-digital\/Exercicio_Triades-02-Gabarito.pdf\" target=\"_blank\" rel=\"noreferrer noopener\">Gabarito (PDF)<\/a><\/p>\n\n\n\n<p><a href=\"https:\/\/hugoribeiro.com.br\/biblioteca-digital\/Exercicio_Triades-03.pdf\" target=\"_blank\" rel=\"noreferrer noopener\">Exerc\u00edcio de Tr\u00edades 03 &#8211; Segunda invers\u00e3o (PDF)<\/a><br><a href=\"https:\/\/hugoribeiro.com.br\/biblioteca-digital\/Exercicio_Triades-03-Folha_resposta.pdf\" target=\"_blank\" rel=\"noreferrer noopener\">Folha de resposta (PDF)<\/a><br><a href=\"https:\/\/hugoribeiro.com.br\/biblioteca-digital\/Exercicio_Triades-03-Folha_resposta.odt\" target=\"_blank\" rel=\"noreferrer noopener\">Folha de resposta (ODT &#8211; Libreoffice)<\/a><br><a href=\"https:\/\/hugoribeiro.com.br\/biblioteca-digital\/Exercicio_Triades-03-Gabarito.pdf\" target=\"_blank\" rel=\"noreferrer noopener\">Gabarito (PDF)<\/a><\/p>\n\n\n\n<p><a href=\"https:\/\/hugoribeiro.com.br\/biblioteca-digital\/Exercicio_Triades-04.pdf\" target=\"_blank\" rel=\"noreferrer noopener\">Exerc\u00edcio de Tr\u00edades 04 &#8211; Todas as invers\u00f5es (PDF)<\/a><br><a href=\"https:\/\/hugoribeiro.com.br\/biblioteca-digital\/Exercicio_Triades-04-Folha_resposta.pdf\" target=\"_blank\" rel=\"noreferrer noopener\">Folha de resposta (PDF)<\/a><br><a href=\"https:\/\/hugoribeiro.com.br\/biblioteca-digital\/Exercicio_Triades-04-Folha_resposta.odt\" target=\"_blank\" rel=\"noreferrer noopener\">Folha de resposta (ODT &#8211; Libreoffice)<\/a><br><a href=\"https:\/\/hugoribeiro.com.br\/biblioteca-digital\/Exercicio_Triades-04-Gabarito.pdf\" target=\"_blank\" rel=\"noreferrer noopener\">Gabarito (PDF)<\/a><\/p>\n\n\n\n<p><a href=\"https:\/\/hugoribeiro.com.br\/biblioteca-digital\/Exercicio_Tetrades-01.pdf\" target=\"_blank\" rel=\"noreferrer noopener\">Exerc\u00edcio de T\u00e9trades 01 &#8211; Posi\u00e7\u00e3o fundamental (PDF)<\/a><br><a href=\"https:\/\/hugoribeiro.com.br\/biblioteca-digital\/Exercicio_Tetrades-01-Folha_resposta.pdf\" target=\"_blank\" rel=\"noreferrer noopener\">Folha de resposta (PDF)<\/a><br><a href=\"https:\/\/hugoribeiro.com.br\/biblioteca-digital\/Exercicio_Tetrades-01-Folha_resposta.odt\" target=\"_blank\" rel=\"noreferrer noopener\">Folha de resposta (ODT &#8211; Libreoffice)<\/a><br><a href=\"https:\/\/hugoribeiro.com.br\/biblioteca-digital\/Exercicio_Tetrades-01-Gabarito.pdf\" target=\"_blank\" rel=\"noreferrer noopener\">Gabarito (PDF)<\/a><\/p>\n\n\n\n<p><a href=\"https:\/\/hugoribeiro.com.br\/biblioteca-digital\/Exercicio_Tetrades-02.pdf\" target=\"_blank\" rel=\"noreferrer noopener\">Exerc\u00edcio de T\u00e9trades 02 &#8211; Primeira invers\u00e3o (PDF)<\/a><br><a href=\"https:\/\/hugoribeiro.com.br\/biblioteca-digital\/Exercicio_Tetrades-02-Folha_resposta.pdf\" target=\"_blank\" rel=\"noreferrer noopener\">Folha de resposta (PDF)<\/a><br><a href=\"https:\/\/hugoribeiro.com.br\/biblioteca-digital\/Exercicio_Tetrades-02-Folha_resposta.odt\" target=\"_blank\" rel=\"noreferrer noopener\">Folha de resposta (ODT &#8211; Libreoffice)<\/a><br><a href=\"https:\/\/hugoribeiro.com.br\/biblioteca-digital\/Exercicio_Tetrades-02-Gabarito.pdf\" target=\"_blank\" rel=\"noreferrer noopener\">Gabarito (PDF)<\/a><\/p>\n\n\n\n<p><a href=\"https:\/\/hugoribeiro.com.br\/biblioteca-digital\/Exercicio_Tetrades-03.pdf\" target=\"_blank\" rel=\"noreferrer noopener\">Exerc\u00edcio de T\u00e9trades 03 &#8211; Segunda invers\u00e3o (PDF)<\/a><br><a href=\"https:\/\/hugoribeiro.com.br\/biblioteca-digital\/Exercicio_Tetrades-03-Folha_resposta.pdf\" target=\"_blank\" rel=\"noreferrer noopener\">Folha de resposta (PDF)<\/a><br><a href=\"https:\/\/hugoribeiro.com.br\/biblioteca-digital\/Exercicio_Tetrades-03-Folha_resposta.odt\" target=\"_blank\" rel=\"noreferrer noopener\">Folha de resposta (ODT &#8211; Libreoffice)<\/a><br><a href=\"https:\/\/hugoribeiro.com.br\/biblioteca-digital\/Exercicio_Tetrades-03-Gabarito.pdf\" target=\"_blank\" rel=\"noreferrer noopener\">Gabarito (PDF)<\/a><\/p>\n\n\n\n<p><a href=\"https:\/\/hugoribeiro.com.br\/biblioteca-digital\/Exercicio_Tetrades-04.pdf\" target=\"_blank\" rel=\"noreferrer noopener\">Exerc\u00edcio de T\u00e9trades 04 &#8211; Terceira invers\u00e3o (PDF)<\/a><br><a href=\"https:\/\/hugoribeiro.com.br\/biblioteca-digital\/Exercicio_Tetrades-04-Folha_resposta.pdf\" target=\"_blank\" rel=\"noreferrer noopener\">Folha de resposta (PDF)<\/a><br><a href=\"https:\/\/hugoribeiro.com.br\/biblioteca-digital\/Exercicio_Tetrades-04-Folha_resposta.odt\" target=\"_blank\" rel=\"noreferrer noopener\">Folha de resposta (ODT &#8211; Libreoffice)<\/a><br><a href=\"https:\/\/hugoribeiro.com.br\/biblioteca-digital\/Exercicio_Tetrades-04-Gabarito.pdf\" target=\"_blank\" rel=\"noreferrer noopener\">Gabarito (PDF)<\/a><\/p>\n\n\n\n<p><a href=\"https:\/\/hugoribeiro.com.br\/biblioteca-digital\/Exercicio_Tetrades-05.pdf\" target=\"_blank\" rel=\"noreferrer noopener\">Exerc\u00edcio de T\u00e9trades 05 &#8211; Todas as invers\u00f5es (PDF)<\/a><br><a href=\"https:\/\/hugoribeiro.com.br\/biblioteca-digital\/Exercicio_Tetrades-05-Folha_resposta.pdf\" target=\"_blank\" rel=\"noreferrer noopener\">Folha de resposta (PDF)<\/a><br><a href=\"https:\/\/hugoribeiro.com.br\/biblioteca-digital\/Exercicio_Tetrades-05-Folha_resposta.odt\" target=\"_blank\" rel=\"noreferrer noopener\">Folha de resposta (ODT &#8211; Libreoffice)<\/a><br><a href=\"https:\/\/hugoribeiro.com.br\/biblioteca-digital\/Exercicio_Tetrades-05-Gabarito.pdf\" target=\"_blank\" rel=\"noreferrer noopener\">Gabarito (PDF)<\/a><\/p>\n","protected":false},"excerpt":{"rendered":"<p>Universidade de Bras\u00edlia &#8211; Departamento de M\u00fasica PLANO DE CURSO Disciplina:144088 &#8211; Harmonia Superior ISemestre: 2020\/2 Hor\u00e1rio Diurno: Segunda e Quarta, das 10:00 \u00e0s 12:00Cr: 04 CH: 60 T-P-E-E: 4.0.0.4 Pr\u00e9-requisito: &#8211;Professor: Prof. Dr. Hugo L. Ribeiro &lt;hugoleo75@gmail.com> 1 Ementa O curso de Harmonia Superior I tem por objetivo o estudo da estrutura, organiza\u00e7\u00e3o e &hellip; <\/p>\n<p class=\"link-more\"><a href=\"https:\/\/hugoribeiro.com.br\/index.php\/unb-harmonia-1-2020-2\/\" class=\"more-link\">Continue lendo<span class=\"screen-reader-text\"> &#8220;Harmonia 1 (2020\/2)&#8221;<\/span><\/a><\/p>\n","protected":false},"author":1,"featured_media":0,"parent":0,"menu_order":0,"comment_status":"closed","ping_status":"closed","template":"","meta":{"_monsterinsights_skip_tracking":false,"_monsterinsights_sitenote_active":false,"_monsterinsights_sitenote_note":"","_monsterinsights_sitenote_category":0,"footnotes":""},"class_list":["post-412","page","type-page","status-publish","hentry"],"_links":{"self":[{"href":"https:\/\/hugoribeiro.com.br\/index.php\/wp-json\/wp\/v2\/pages\/412","targetHints":{"allow":["GET"]}}],"collection":[{"href":"https:\/\/hugoribeiro.com.br\/index.php\/wp-json\/wp\/v2\/pages"}],"about":[{"href":"https:\/\/hugoribeiro.com.br\/index.php\/wp-json\/wp\/v2\/types\/page"}],"author":[{"embeddable":true,"href":"https:\/\/hugoribeiro.com.br\/index.php\/wp-json\/wp\/v2\/users\/1"}],"replies":[{"embeddable":true,"href":"https:\/\/hugoribeiro.com.br\/index.php\/wp-json\/wp\/v2\/comments?post=412"}],"version-history":[{"count":1,"href":"https:\/\/hugoribeiro.com.br\/index.php\/wp-json\/wp\/v2\/pages\/412\/revisions"}],"predecessor-version":[{"id":413,"href":"https:\/\/hugoribeiro.com.br\/index.php\/wp-json\/wp\/v2\/pages\/412\/revisions\/413"}],"wp:attachment":[{"href":"https:\/\/hugoribeiro.com.br\/index.php\/wp-json\/wp\/v2\/media?parent=412"}],"curies":[{"name":"wp","href":"https:\/\/api.w.org\/{rel}","templated":true}]}}