{"id":419,"date":"2021-02-11T12:14:03","date_gmt":"2021-02-11T15:14:03","guid":{"rendered":"https:\/\/hugoribeiro.com.br\/?page_id=419"},"modified":"2021-03-02T17:39:56","modified_gmt":"2021-03-02T20:39:56","slug":"lilypond-para-deficientes-visuais","status":"publish","type":"page","link":"https:\/\/hugoribeiro.com.br\/index.php\/lilypond-para-deficientes-visuais\/","title":{"rendered":"Lilypond para deficientes visuais"},"content":{"rendered":"\n<p>Nessa p\u00e1gina vou organizar informa\u00e7\u00f5es de boas pr\u00e1ticas sobre como escrever o c\u00f3digo do Lilypond de forma a facilitar a leitura por deficientes visuais, em acordo com consultas realizadas a duas musicistas deficientes visuais que utilizam esse software.<\/p>\n\n\n\n<h2 class=\"wp-block-heading\">1 &#8211; Oitavas<\/h2>\n\n\n\n<p>No Lilypond h\u00e1 a possibilidade de se utilizar o comando &#8220;\\relative&#8221; para que as notas escritas dentro de um intervalo de quarta ascendente ou descendente n\u00e3o precisem de ap\u00f3strofes ou aspas para indicar qual oitava est\u00e1. Todavia, minha colega me informou que, apesar do ac\u00famulo de informa\u00e7\u00f5es, ela prefere que cada nota seja escrita com a informa\u00e7\u00e3o de oitava. Ou seja, sem o uso do &#8220;\\relative&#8221;.<\/p>\n\n\n\n<p>Dessa forma, um c\u00f3digo como o escrito no Exemplo 1, utilizando o &#8220;\\relative&#8221; seria melhor lido pelos deficientes visuais se for escrito como o Exemplo 2. Importante lembrar que o resultado visual de ambos ser\u00e1 exatamente igual.<\/p>\n\n\n\n<h3 class=\"wp-block-heading\">Exemplo 1<\/h3>\n\n\n\n<p>\\new Staff \\relative c&#8217; {<br>    c4 d&#8217; cis d<br>    fis, g e e,<br>    e&#8221;1<br>}<\/p>\n\n\n\n<h3 class=\"wp-block-heading\">Exemplo 2<\/h3>\n\n\n\n<p>\\new Staff {<br>    c&#8217;4 d&#8221; cis&#8221; d&#8221;<br>    fis&#8217; g&#8217; e&#8217; e<br>    e&#8221;1<br>}<\/p>\n\n\n\n<p>Se a partitura j\u00e1 foi escrita utilizando o &#8220;\\relative&#8221; \u00e9 poss\u00edvel usar o comando &#8220;\\displayLilyMusic&#8221; para o console mostrar as notas absolutas. A forma correta de usar seria pegar o Exemplo 1 e inserir todo o c\u00f3digo entre chaves, com o comando \\displayLilyMusic logo ap\u00f3s a primeira chave, tal como no Exemplo 3.<\/p>\n\n\n\n<h3 class=\"wp-block-heading\">Exemplo 3<\/h3>\n\n\n\n<p>{<br>    \\displayLilyMusic<br>    \\new Staff<br>    \\relative c&#8217; {<br>        c4 d&#8217; cis d<br>        fis, g e e,<br>        e&#8221;1<br>    }<br>}<\/p>\n\n\n\n<p>Se voc\u00ea utilizar o programa Frescobaldi para editar suas partituras Lilypond, voc\u00ea ver\u00e1 no Log o resultado que procura (ver Figura 1).<\/p>\n\n\n\n<h3 class=\"wp-block-heading\">Figura 1<\/h3>\n\n\n\n<figure class=\"wp-block-image size-large\"><img loading=\"lazy\" decoding=\"async\" width=\"1024\" height=\"730\" src=\"https:\/\/hugoribeiro.com.br\/wp-content\/uploads\/2021\/03\/Figura-1-Frescobaldi_Log-1024x730.png\" alt=\"\" class=\"wp-image-441\" srcset=\"https:\/\/hugoribeiro.com.br\/wp-content\/uploads\/2021\/03\/Figura-1-Frescobaldi_Log-1024x730.png 1024w, https:\/\/hugoribeiro.com.br\/wp-content\/uploads\/2021\/03\/Figura-1-Frescobaldi_Log-300x214.png 300w, https:\/\/hugoribeiro.com.br\/wp-content\/uploads\/2021\/03\/Figura-1-Frescobaldi_Log-768x547.png 768w, https:\/\/hugoribeiro.com.br\/wp-content\/uploads\/2021\/03\/Figura-1-Frescobaldi_Log.png 1062w\" sizes=\"auto, (max-width: 767px) 89vw, (max-width: 1000px) 54vw, (max-width: 1071px) 543px, 580px\" \/><\/figure>\n\n\n\n<h2 class=\"wp-block-heading\">2 &#8211; Ritmo<\/h2>\n\n\n\n<p>No que se refere \u00e0 escrita r\u00edtmica<\/p>\n","protected":false},"excerpt":{"rendered":"<p>Nessa p\u00e1gina vou organizar informa\u00e7\u00f5es de boas pr\u00e1ticas sobre como escrever o c\u00f3digo do Lilypond de forma a facilitar a leitura por deficientes visuais, em acordo com consultas realizadas a duas musicistas deficientes visuais que utilizam esse software. 1 &#8211; Oitavas No Lilypond h\u00e1 a possibilidade de se utilizar o comando &#8220;\\relative&#8221; para que as &hellip; <\/p>\n<p class=\"link-more\"><a href=\"https:\/\/hugoribeiro.com.br\/index.php\/lilypond-para-deficientes-visuais\/\" class=\"more-link\">Continue lendo<span class=\"screen-reader-text\"> &#8220;Lilypond para deficientes visuais&#8221;<\/span><\/a><\/p>\n","protected":false},"author":1,"featured_media":0,"parent":0,"menu_order":0,"comment_status":"closed","ping_status":"closed","template":"","meta":{"_monsterinsights_skip_tracking":false,"_monsterinsights_sitenote_active":false,"_monsterinsights_sitenote_note":"","_monsterinsights_sitenote_category":0,"footnotes":""},"class_list":["post-419","page","type-page","status-publish","hentry"],"_links":{"self":[{"href":"https:\/\/hugoribeiro.com.br\/index.php\/wp-json\/wp\/v2\/pages\/419","targetHints":{"allow":["GET"]}}],"collection":[{"href":"https:\/\/hugoribeiro.com.br\/index.php\/wp-json\/wp\/v2\/pages"}],"about":[{"href":"https:\/\/hugoribeiro.com.br\/index.php\/wp-json\/wp\/v2\/types\/page"}],"author":[{"embeddable":true,"href":"https:\/\/hugoribeiro.com.br\/index.php\/wp-json\/wp\/v2\/users\/1"}],"replies":[{"embeddable":true,"href":"https:\/\/hugoribeiro.com.br\/index.php\/wp-json\/wp\/v2\/comments?post=419"}],"version-history":[{"count":5,"href":"https:\/\/hugoribeiro.com.br\/index.php\/wp-json\/wp\/v2\/pages\/419\/revisions"}],"predecessor-version":[{"id":444,"href":"https:\/\/hugoribeiro.com.br\/index.php\/wp-json\/wp\/v2\/pages\/419\/revisions\/444"}],"wp:attachment":[{"href":"https:\/\/hugoribeiro.com.br\/index.php\/wp-json\/wp\/v2\/media?parent=419"}],"curies":[{"name":"wp","href":"https:\/\/api.w.org\/{rel}","templated":true}]}}