{"id":424,"date":"2021-02-12T20:19:17","date_gmt":"2021-02-12T23:19:17","guid":{"rendered":"https:\/\/hugoribeiro.com.br\/?page_id=424"},"modified":"2021-02-12T20:35:29","modified_gmt":"2021-02-12T23:35:29","slug":"taieiras-de-sergipe","status":"publish","type":"page","link":"https:\/\/hugoribeiro.com.br\/index.php\/taieiras-de-sergipe\/","title":{"rendered":"Taieiras de Sergipe"},"content":{"rendered":"\n<p>P\u00e1gina com arquivos da pesquisa de campo.<\/p>\n\n\n\n<h2 class=\"wp-block-heading\">Grava\u00e7\u00f5es<\/h2>\n\n\n\n<p><strong>Taieiras de Laranjeiras<\/strong><\/p>\n\n\n\n<p><a href=\"https:\/\/hugoribeiro.com.br\/biblioteca-digital\/Taieiras-Laranjeiras-1976-Gravacao_estudio.zip\">Grava\u00e7\u00e3o de est\u00fadio de 1976<\/a><\/p>\n\n\n\n<p><a href=\"https:\/\/hugoribeiro.com.br\/biblioteca-digital\/Taieiras-Laranjeiras-1995-Gravacao_estudio.zip\">Grava\u00e7\u00e3o de est\u00fadio de 1995<\/a><\/p>\n\n\n\n<p><a href=\"https:\/\/hugoribeiro.com.br\/biblioteca-digital\/Taieiras-Laranjeiras-2002-jan-13-Gravacao_campo.zip\">Grava\u00e7\u00e3o de campo de 2002<\/a><\/p>\n\n\n\n<p><a href=\"https:\/\/hugoribeiro.com.br\/biblioteca-digital\/Taieiras-Laranjeiras-2003-jan-01-Gravacao_Campo.zip\">Grava\u00e7\u00e3o de campo de 2003<\/a><\/p>\n\n\n\n<h2 class=\"wp-block-heading\">Taieiras de Lagarto (G\u00e9rson)<\/h2>\n\n\n\n<p><a href=\"https:\/\/hugoribeiro.com.br\/biblioteca-digital\/Taieiras-Lagarto-Gerson-2001-estudio.zip\">Grava\u00e7\u00e3o de est\u00fadio<\/a><\/p>\n\n\n\n<p><a href=\"https:\/\/hugoribeiro.com.br\/biblioteca-digital\/Taieiras-Lagarto-Gerson-2003-jan-09-Gravacao_Campo.zip\">Grava\u00e7\u00e3o de campo<\/a><\/p>\n\n\n\n<h2 class=\"wp-block-heading\">Taieiras de Lagaro (Neti)<\/h2>\n\n\n\n<p><a href=\"https:\/\/hugoribeiro.com.br\/biblioteca-digital\/Taieiras-Lagarto-Neti-1995-Gravacao_fita.zip\">Grava\u00e7\u00e3o de fita<\/a><\/p>\n\n\n\n<h2 class=\"wp-block-heading\">Taieiras de S\u00e3o Crist\u00f3v\u00e3o<\/h2>\n\n\n\n<p><a href=\"https:\/\/hugoribeiro.com.br\/biblioteca-digital\/Taieiras_Sao_Cristovao.zip\">Grava\u00e7\u00e3o de campo<\/a><\/p>\n\n\n\n<h2 class=\"wp-block-heading\">Outras<\/h2>\n\n\n\n<p><a href=\"https:\/\/hugoribeiro.com.br\/biblioteca-digital\/Taieiras-Cairu_Bahia.zip\">Cairu<\/a><\/p>\n\n\n\n<p><a href=\"https:\/\/hugoribeiro.com.br\/biblioteca-digital\/Taieiras-Ely_Camargo-Alagoas.zip\">Ely Camargo<\/a><\/p>\n\n\n\n<p><a href=\"https:\/\/hugoribeiro.com.br\/biblioteca-digital\/Taieiras-Tim_Maia-1971.zip\">Tim Maia<\/a><\/p>\n\n\n\n<p><a href=\"https:\/\/hugoribeiro.com.br\/biblioteca-digital\/Taieiras-Mocidade_Independente_Padre_Miguel-1974.zip\">Mocidade Independente de Padre Miguel<\/a><\/p>\n","protected":false},"excerpt":{"rendered":"<p>P\u00e1gina com arquivos da pesquisa de campo. Grava\u00e7\u00f5es Taieiras de Laranjeiras Grava\u00e7\u00e3o de est\u00fadio de 1976 Grava\u00e7\u00e3o de est\u00fadio de 1995 Grava\u00e7\u00e3o de campo de 2002 Grava\u00e7\u00e3o de campo de 2003 Taieiras de Lagarto (G\u00e9rson) Grava\u00e7\u00e3o de est\u00fadio Grava\u00e7\u00e3o de campo Taieiras de Lagaro (Neti) Grava\u00e7\u00e3o de fita Taieiras de S\u00e3o Crist\u00f3v\u00e3o Grava\u00e7\u00e3o de campo &hellip; <\/p>\n<p class=\"link-more\"><a href=\"https:\/\/hugoribeiro.com.br\/index.php\/taieiras-de-sergipe\/\" class=\"more-link\">Continue lendo<span class=\"screen-reader-text\"> &#8220;Taieiras de Sergipe&#8221;<\/span><\/a><\/p>\n","protected":false},"author":1,"featured_media":0,"parent":0,"menu_order":0,"comment_status":"closed","ping_status":"closed","template":"","meta":{"_monsterinsights_skip_tracking":false,"_monsterinsights_sitenote_active":false,"_monsterinsights_sitenote_note":"","_monsterinsights_sitenote_category":0,"footnotes":""},"class_list":["post-424","page","type-page","status-publish","hentry"],"_links":{"self":[{"href":"https:\/\/hugoribeiro.com.br\/index.php\/wp-json\/wp\/v2\/pages\/424","targetHints":{"allow":["GET"]}}],"collection":[{"href":"https:\/\/hugoribeiro.com.br\/index.php\/wp-json\/wp\/v2\/pages"}],"about":[{"href":"https:\/\/hugoribeiro.com.br\/index.php\/wp-json\/wp\/v2\/types\/page"}],"author":[{"embeddable":true,"href":"https:\/\/hugoribeiro.com.br\/index.php\/wp-json\/wp\/v2\/users\/1"}],"replies":[{"embeddable":true,"href":"https:\/\/hugoribeiro.com.br\/index.php\/wp-json\/wp\/v2\/comments?post=424"}],"version-history":[{"count":3,"href":"https:\/\/hugoribeiro.com.br\/index.php\/wp-json\/wp\/v2\/pages\/424\/revisions"}],"predecessor-version":[{"id":430,"href":"https:\/\/hugoribeiro.com.br\/index.php\/wp-json\/wp\/v2\/pages\/424\/revisions\/430"}],"wp:attachment":[{"href":"https:\/\/hugoribeiro.com.br\/index.php\/wp-json\/wp\/v2\/media?parent=424"}],"curies":[{"name":"wp","href":"https:\/\/api.w.org\/{rel}","templated":true}]}}