{"id":661,"date":"2023-03-07T11:26:30","date_gmt":"2023-03-07T14:26:30","guid":{"rendered":"https:\/\/hugoribeiro.com.br\/?page_id=661"},"modified":"2023-04-10T17:57:35","modified_gmt":"2023-04-10T20:57:35","slug":"curso-de-harmonia-tonal","status":"publish","type":"page","link":"https:\/\/hugoribeiro.com.br\/index.php\/curso-de-harmonia-tonal\/","title":{"rendered":"Curso de Harmonia Tonal"},"content":{"rendered":"\n<p>Essa p\u00e1gina ir\u00e1 fornecer links para textos, audios, exerc\u00edcios, entre outros, do Curso de Harmonia Tonal que estou organizando a partir do planejamento e conte\u00fado das disciplinas de Harmonia do Departamento de M\u00fasica da UnB.<\/p>\n\n\n\n<p><a href=\"https:\/\/hugoribeiro.com.br\/index.php\/avaliacoes-de-intervalos-usando-google-forms\/\">Exerc\u00edcios de Intervalos<\/a><\/p>\n\n\n\n<p><a href=\"https:\/\/hugoribeiro.com.br\/index.php\/exercicios-de-reconhecimento-de-triades-e-tetrades\/\">Exerc\u00edcios de reconhecimento de Tr\u00edades e T\u00e9trades<\/a><\/p>\n","protected":false},"excerpt":{"rendered":"<p>Essa p\u00e1gina ir\u00e1 fornecer links para textos, audios, exerc\u00edcios, entre outros, do Curso de Harmonia Tonal que estou organizando a partir do planejamento e conte\u00fado das disciplinas de Harmonia do Departamento de M\u00fasica da UnB. Exerc\u00edcios de Intervalos Exerc\u00edcios de reconhecimento de Tr\u00edades e T\u00e9trades<\/p>\n","protected":false},"author":1,"featured_media":0,"parent":0,"menu_order":0,"comment_status":"closed","ping_status":"closed","template":"","meta":{"_monsterinsights_skip_tracking":false,"_monsterinsights_sitenote_active":false,"_monsterinsights_sitenote_note":"","_monsterinsights_sitenote_category":0,"footnotes":""},"class_list":["post-661","page","type-page","status-publish","hentry"],"_links":{"self":[{"href":"https:\/\/hugoribeiro.com.br\/index.php\/wp-json\/wp\/v2\/pages\/661","targetHints":{"allow":["GET"]}}],"collection":[{"href":"https:\/\/hugoribeiro.com.br\/index.php\/wp-json\/wp\/v2\/pages"}],"about":[{"href":"https:\/\/hugoribeiro.com.br\/index.php\/wp-json\/wp\/v2\/types\/page"}],"author":[{"embeddable":true,"href":"https:\/\/hugoribeiro.com.br\/index.php\/wp-json\/wp\/v2\/users\/1"}],"replies":[{"embeddable":true,"href":"https:\/\/hugoribeiro.com.br\/index.php\/wp-json\/wp\/v2\/comments?post=661"}],"version-history":[{"count":3,"href":"https:\/\/hugoribeiro.com.br\/index.php\/wp-json\/wp\/v2\/pages\/661\/revisions"}],"predecessor-version":[{"id":681,"href":"https:\/\/hugoribeiro.com.br\/index.php\/wp-json\/wp\/v2\/pages\/661\/revisions\/681"}],"wp:attachment":[{"href":"https:\/\/hugoribeiro.com.br\/index.php\/wp-json\/wp\/v2\/media?parent=661"}],"curies":[{"name":"wp","href":"https:\/\/api.w.org\/{rel}","templated":true}]}}