{"id":695,"date":"2023-09-23T17:40:40","date_gmt":"2023-09-23T20:40:40","guid":{"rendered":"https:\/\/hugoribeiro.com.br\/?page_id=695"},"modified":"2023-09-23T17:56:39","modified_gmt":"2023-09-23T20:56:39","slug":"heavy-metal-para-iniciantes-2023","status":"publish","type":"page","link":"https:\/\/hugoribeiro.com.br\/index.php\/heavy-metal-para-iniciantes-2023\/","title":{"rendered":"Heavy Metal para iniciantes &#8211; 2023"},"content":{"rendered":"\n<p id=\"block-76fdfd5d-e21f-469a-bb62-5105bd86ce9b\">Universidade de Bras\u00edlia &#8211; Departamento de M\u00fasica<\/p>\n\n\n\n<p id=\"block-a3492d2a-fb66-4600-abda-079adf77b044\"><strong>Minicurso de Extens\u00e3o<\/strong> Heavy Metal para iniciantes<br><strong>Hor\u00e1rio:<\/strong> Segunda a sexta, das 09:00 \u00e0s 12:00<br><strong>CH:<\/strong> 15<br><strong>Professor respons\u00e1vel:<\/strong> Prof. Dr. Hugo L. Ribeiro &lt;hugoleo75@gmail.com&gt;<\/p>\n\n\n\n<h3 class=\"wp-block-heading\" id=\"block-c0c7abac-81d2-43a3-9182-e50f6d3d6ea3\">1 Ementa<\/h3>\n\n\n\n<p id=\"block-9142ed78-eb8b-4fd0-858b-fb0a541c3874\">Minicurso de extens\u00e3o universit\u00e1rio baseado numa lista de audi\u00e7\u00e3o para os n\u00e3o iniciados na cultura Metal.<\/p>\n\n\n\n<h3 class=\"wp-block-heading\" id=\"block-83fa683d-da66-41bd-a244-c972b8035462\">2 Objetivos<\/h3>\n\n\n\n<p id=\"block-daad3403-55fc-488a-b7bb-3a69f73862e3\">Conhecer as algumas das bandas mais importantes e influentes ao longo da hist\u00f3ria do Rock;<br>Estabelecer condi\u00e7\u00f5es necess\u00e1rias para discernir sobre os principais g\u00eaneros, e subg\u00eaneros ligados ao Rock e ao Metal, desde o in\u00edcio do s\u00e9culo XX at\u00e9 os dias atuais;<br>Identificar elementos musicais e extramusicais caracter\u00edsticos dos principais subg\u00eaneros do Metal;<\/p>\n\n\n\n<p>3 Conte\u00fado Program\u00e1tico<\/p>\n\n\n\n<p><a href=\"https:\/\/hugoribeiro.com.br\/wp-content\/uploads\/2023\/09\/01-Blues.pdf\">01 Blues<\/a><\/p>\n\n\n\n<p><a href=\"https:\/\/hugoribeiro.com.br\/wp-content\/uploads\/2023\/09\/02-British_Invasion.pdf\">02 British Invasion<\/a><\/p>\n\n\n\n<p><a href=\"https:\/\/hugoribeiro.com.br\/wp-content\/uploads\/2023\/09\/03-Hard_Rock_70.pdf\">03 Hard Rock 70<\/a><\/p>\n\n\n\n<p><a href=\"https:\/\/hugoribeiro.com.br\/wp-content\/uploads\/2023\/09\/04-Heavy_Metal_70.pdf\">04 Heavy Metal 70<\/a><\/p>\n\n\n\n<p><a href=\"https:\/\/hugoribeiro.com.br\/wp-content\/uploads\/2023\/09\/05-Prog-Rock.pdf\">05 Prog Rock<\/a><\/p>\n\n\n\n<p><a href=\"https:\/\/hugoribeiro.com.br\/wp-content\/uploads\/2023\/09\/06-Punk.pdf\">06 Punk<\/a><\/p>\n\n\n\n<p><a href=\"https:\/\/hugoribeiro.com.br\/wp-content\/uploads\/2023\/09\/07-Hard_Rock_80.pdf\">07 Hard Rock 80<\/a><\/p>\n\n\n\n<p><a href=\"https:\/\/hugoribeiro.com.br\/wp-content\/uploads\/2023\/09\/08-Heavy_Metal_80.pdf\">08 Heavy Metal 80<\/a><\/p>\n\n\n\n<p><a href=\"https:\/\/hugoribeiro.com.br\/wp-content\/uploads\/2023\/09\/09-Speed_Metal_80.pdf\">09 Speed Metal 80<\/a><\/p>\n\n\n\n<p><a href=\"https:\/\/hugoribeiro.com.br\/wp-content\/uploads\/2023\/09\/10-Symphonic_Metal.pdf\">10 Symphonic Metal<\/a><\/p>\n\n\n\n<p><a href=\"https:\/\/hugoribeiro.com.br\/wp-content\/uploads\/2023\/09\/11-Prog_Metal.pdf\">11 Prog Metal<\/a><\/p>\n\n\n\n<p><a href=\"https:\/\/hugoribeiro.com.br\/wp-content\/uploads\/2023\/09\/12-Thrash_Metal.pdf\">12 Thrash Metal<\/a><\/p>\n\n\n\n<p><a href=\"https:\/\/hugoribeiro.com.br\/wp-content\/uploads\/2023\/09\/13-Death_Metal.pdf\">13 Death Metal<\/a><\/p>\n\n\n\n<p><a href=\"https:\/\/hugoribeiro.com.br\/wp-content\/uploads\/2023\/09\/14-Doom_Metal.pdf\">14 Doom Metal<\/a><\/p>\n\n\n\n<p><a href=\"https:\/\/hugoribeiro.com.br\/wp-content\/uploads\/2023\/09\/15-Black_Metal.pdf\">15 Black Metal<\/a><\/p>\n\n\n\n<p><a href=\"https:\/\/hugoribeiro.com.br\/wp-content\/uploads\/2023\/09\/16-Gothic-Metal.pdf\">16 Gothic Meta<\/a>l<\/p>\n\n\n\n<p><a href=\"https:\/\/hugoribeiro.com.br\/wp-content\/uploads\/2023\/09\/17-Industrial.pdf\">17 Industrial Metal<\/a><\/p>\n\n\n\n<p><a href=\"https:\/\/hugoribeiro.com.br\/wp-content\/uploads\/2023\/09\/18-Grunge.pdf\">18 Grunge<\/a><\/p>\n\n\n\n<p><a href=\"https:\/\/hugoribeiro.com.br\/wp-content\/uploads\/2023\/09\/19-Nu_Metal.pdf\">19 Nu Metal<\/a><\/p>\n","protected":false},"excerpt":{"rendered":"<p>Universidade de Bras\u00edlia &#8211; Departamento de M\u00fasica Minicurso de Extens\u00e3o Heavy Metal para iniciantesHor\u00e1rio: Segunda a sexta, das 09:00 \u00e0s 12:00CH: 15Professor respons\u00e1vel: Prof. Dr. Hugo L. Ribeiro &lt;hugoleo75@gmail.com&gt; 1 Ementa Minicurso de extens\u00e3o universit\u00e1rio baseado numa lista de audi\u00e7\u00e3o para os n\u00e3o iniciados na cultura Metal. 2 Objetivos Conhecer as algumas das bandas mais &hellip; <\/p>\n<p class=\"link-more\"><a href=\"https:\/\/hugoribeiro.com.br\/index.php\/heavy-metal-para-iniciantes-2023\/\" class=\"more-link\">Continue lendo<span class=\"screen-reader-text\"> &#8220;Heavy Metal para iniciantes &#8211; 2023&#8221;<\/span><\/a><\/p>\n","protected":false},"author":1,"featured_media":0,"parent":0,"menu_order":0,"comment_status":"closed","ping_status":"closed","template":"","meta":{"_monsterinsights_skip_tracking":false,"_monsterinsights_sitenote_active":false,"_monsterinsights_sitenote_note":"","_monsterinsights_sitenote_category":0,"footnotes":""},"class_list":["post-695","page","type-page","status-publish","hentry"],"_links":{"self":[{"href":"https:\/\/hugoribeiro.com.br\/index.php\/wp-json\/wp\/v2\/pages\/695","targetHints":{"allow":["GET"]}}],"collection":[{"href":"https:\/\/hugoribeiro.com.br\/index.php\/wp-json\/wp\/v2\/pages"}],"about":[{"href":"https:\/\/hugoribeiro.com.br\/index.php\/wp-json\/wp\/v2\/types\/page"}],"author":[{"embeddable":true,"href":"https:\/\/hugoribeiro.com.br\/index.php\/wp-json\/wp\/v2\/users\/1"}],"replies":[{"embeddable":true,"href":"https:\/\/hugoribeiro.com.br\/index.php\/wp-json\/wp\/v2\/comments?post=695"}],"version-history":[{"count":2,"href":"https:\/\/hugoribeiro.com.br\/index.php\/wp-json\/wp\/v2\/pages\/695\/revisions"}],"predecessor-version":[{"id":719,"href":"https:\/\/hugoribeiro.com.br\/index.php\/wp-json\/wp\/v2\/pages\/695\/revisions\/719"}],"wp:attachment":[{"href":"https:\/\/hugoribeiro.com.br\/index.php\/wp-json\/wp\/v2\/media?parent=695"}],"curies":[{"name":"wp","href":"https:\/\/api.w.org\/{rel}","templated":true}]}}