{"id":730,"date":"2024-02-07T09:31:49","date_gmt":"2024-02-07T12:31:49","guid":{"rendered":"https:\/\/hugoribeiro.com.br\/?page_id=730"},"modified":"2024-02-07T09:31:49","modified_gmt":"2024-02-07T12:31:49","slug":"com-harmonia-1","status":"publish","type":"page","link":"https:\/\/hugoribeiro.com.br\/index.php\/com-harmonia-1\/","title":{"rendered":"Harmonia 1"},"content":{"rendered":"\n<h2 class=\"wp-block-heading\">T\u00f3picos relacionados \u00e0 disciplina de Harmonia 1.<\/h2>\n\n\n\n<ul class=\"wp-block-list\">\n<li><a href=\"https:\/\/hugoribeiro.com.br\/antiga\/COM\/HAR-escala-heptatonia.php\">Escala heptat\u00f4nica<\/a><\/li>\n\n\n\n<li><a href=\"https:\/\/hugoribeiro.com.br\/antiga\/COM\/HAR-ciclo_quintas.php\">Ciclo de quintas<\/a><\/li>\n\n\n\n<li><a href=\"https:\/\/hugoribeiro.com.br\/antiga\/COM\/HAR-tonalidade.php\">Tonalidade<\/a>\n<ul class=\"wp-block-list\">\n<li><a href=\"https:\/\/hugoribeiro.com.br\/antiga\/COM\/HAR-tonalidade-relativa.php\">Tonalidades relativas<\/a><\/li>\n\n\n\n<li><a href=\"https:\/\/hugoribeiro.com.br\/antiga\/COM\/HAR-tonalidade-homonima.php\">Tonalidades hom\u00f4nimas<\/a><\/li>\n\n\n\n<li><a href=\"https:\/\/hugoribeiro.com.br\/antiga\/COM\/HAR-tonalidade-enarmonica.php\">Tonalidades enarm\u00f4nicas<\/a><\/li>\n<\/ul>\n<\/li>\n\n\n\n<li><a href=\"https:\/\/hugoribeiro.com.br\/antiga\/COM\/HAR-campo_harmonico.php\">Campo harm\u00f4nico<\/a><\/li>\n\n\n\n<li><a href=\"https:\/\/hugoribeiro.com.br\/antiga\/COM\/HAR-cifragem.php\">Cifragem e s\u00edmbolos anal\u00edticos<\/a>\n<ul class=\"wp-block-list\">\n<li><a href=\"https:\/\/hugoribeiro.com.br\/antiga\/COM\/HAR-cifragem_tradicional.php\">Harmonia tradicional<\/a> (Baixo Cifrado: I &#8211; ii<sup>6<\/sup> &#8211; V<sup>7<\/sup>)<\/li>\n\n\n\n<li><a href=\"https:\/\/hugoribeiro.com.br\/antiga\/COM\/HAR-cifragem_funcional.php\">Harmonia funcional<\/a> (T &#8211; Sr &#8211; D7)<\/li>\n\n\n\n<li><a href=\"https:\/\/hugoribeiro.com.br\/antiga\/COM\/HAR-cifragem_popular.php\">Harmonia popular<\/a> (C &#8211; Dm\/F &#8211; G7)<\/li>\n<\/ul>\n<\/li>\n\n\n\n<li><a href=\"https:\/\/hugoribeiro.com.br\/antiga\/COM\/HAR-progressao_harmonica.php\">Progress\u00e3o harm\u00f4nica<\/a><\/li>\n\n\n\n<li><a href=\"https:\/\/hugoribeiro.com.br\/antiga\/COM\/HAR-Tritono.php\">Tr\u00edtono e sua resolu\u00e7\u00e3o<\/a><\/li>\n\n\n\n<li><a href=\"https:\/\/hugoribeiro.com.br\/antiga\/COM\/HAR-funcoes_tonais.php\">Fun\u00e7\u00f5es tonais (leis tonais)<\/a>\n<ul class=\"wp-block-list\">\n<li><a href=\"https:\/\/hugoribeiro.com.br\/antiga\/COM\/HAR-funcoes_tonais-tonica.php\">Fun\u00e7\u00e3o T\u00f4nica e seus acordes<\/a><\/li>\n\n\n\n<li><a href=\"https:\/\/hugoribeiro.com.br\/antiga\/COM\/HAR-funcoes_tonais-dominante.php\">Fun\u00e7\u00e3o Dominante e seus acordes<\/a><\/li>\n\n\n\n<li><a href=\"https:\/\/hugoribeiro.com.br\/antiga\/COM\/HAR-funcoes_tonais-subdominante.php\">Fun\u00e7\u00e3o Subdominante e seus acordes<\/a><\/li>\n\n\n\n<li><a href=\"https:\/\/hugoribeiro.com.br\/antiga\/COM\/HAR-funcoes_tonais-curva_dramatica.php\">Curva dram\u00e1tica da escala maior<\/a><\/li>\n\n\n\n<li><a href=\"https:\/\/hugoribeiro.com.br\/antiga\/COM\/HAR-funcoes_tonais-rearmonizacao.php\">Rearmoniza\u00e7\u00e3o utilizando as \u00e1reas tonais<\/a><\/li>\n<\/ul>\n<\/li>\n\n\n\n<li><a href=\"https:\/\/hugoribeiro.com.br\/antiga\/COM\/HAR-acordes_nao_diatonicos.php\">Acordes n\u00e3o diat\u00f4nicos<\/a><\/li>\n\n\n\n<li><a href=\"https:\/\/hugoribeiro.com.br\/antiga\/COM\/HAR-funcoes_secundarias.php\">Fun\u00e7\u00f5es secund\u00e1rias<\/a>\n<ul class=\"wp-block-list\">\n<li><a href=\"https:\/\/hugoribeiro.com.br\/antiga\/COM\/HAR-funcoes_secundarias-dominante.php\">Dominantes secund\u00e1rias<\/a><\/li>\n\n\n\n<li><a href=\"https:\/\/hugoribeiro.com.br\/antiga\/COM\/HAR-funcoes_secundarias-sensivel.php\">Sens\u00edveis secund\u00e1rias<\/a><\/li>\n<\/ul>\n<\/li>\n\n\n\n<li><a href=\"https:\/\/hugoribeiro.com.br\/antiga\/COM\/HAR-inversao_acordes.php\">Invers\u00e3o de acordes<\/a><\/li>\n\n\n\n<li><a href=\"https:\/\/hugoribeiro.com.br\/antiga\/COM\/HAR-frases_melodicas.php\">Frases mel\u00f3dicas<\/a><\/li>\n\n\n\n<li><a href=\"https:\/\/hugoribeiro.com.br\/antiga\/COM\/HAR-cadencia.php\">Cad\u00eancia<\/a>\n<ul class=\"wp-block-list\">\n<li><a href=\"https:\/\/hugoribeiro.com.br\/antiga\/COM\/HAR-cadencia_perfeita.php\">Cad\u00eancia perfeita<\/a><\/li>\n\n\n\n<li><a href=\"https:\/\/hugoribeiro.com.br\/antiga\/COM\/HAR-cadencia_imperfeita.php\">Cad\u00eancia imperfeita<\/a><\/li>\n\n\n\n<li><a href=\"https:\/\/hugoribeiro.com.br\/antiga\/COM\/HAR-cadencia_plagal.php\">Cad\u00eancia plagal<\/a><\/li>\n\n\n\n<li><a href=\"https:\/\/hugoribeiro.com.br\/antiga\/COM\/HAR-cadencia_dominante.php\">Cad\u00eancia \u00e0 dominante, Meia cad\u00eancia ou Semi cad\u00eancia<\/a><\/li>\n\n\n\n<li><a href=\"https:\/\/hugoribeiro.com.br\/antiga\/COM\/HAR-cadencia_engano.php\">Cad\u00eancia deceptiva ou Cad\u00eancia de engano<\/a><\/li>\n<\/ul>\n<\/li>\n\n\n\n<li><a href=\"https:\/\/hugoribeiro.com.br\/antiga\/COM\/HAR-periodo.php\">Per\u00edodos<\/a><\/li>\n\n\n\n<li><a href=\"https:\/\/hugoribeiro.com.br\/antiga\/COM\/HAR-nota_melodica.php\">Notas mel\u00f3dicas<\/a>\n<ul class=\"wp-block-list\">\n<li><a href=\"https:\/\/hugoribeiro.com.br\/antiga\/COM\/HAR-nota_melodica-passagem.php\">Notas de passagem<\/a><\/li>\n\n\n\n<li><a href=\"https:\/\/hugoribeiro.com.br\/antiga\/COM\/HAR-nota_melodica-bordadura.php\">Bordaduras<\/a><\/li>\n\n\n\n<li><a href=\"https:\/\/hugoribeiro.com.br\/antiga\/COM\/HAR-nota_melodica-ritardo.php\">Ritardos<\/a><\/li>\n\n\n\n<li><a href=\"https:\/\/hugoribeiro.com.br\/antiga\/COM\/HAR-nota_melodica-apojatura.php\">Apojaturas<\/a><\/li>\n\n\n\n<li><a href=\"https:\/\/hugoribeiro.com.br\/antiga\/COM\/HAR-nota_melodica-escapada.php\">Escapadas<\/a><\/li>\n\n\n\n<li><a href=\"https:\/\/hugoribeiro.com.br\/antiga\/COM\/HAR-nota_melodica-bordadura_dupla.php\">Bordadura dupla<\/a><\/li>\n\n\n\n<li><a href=\"https:\/\/hugoribeiro.com.br\/antiga\/COM\/HAR-nota_melodica-antecipacao.php\">Antecipa\u00e7\u00e3o<\/a><\/li>\n\n\n\n<li><a href=\"https:\/\/hugoribeiro.com.br\/antiga\/COM\/HAR-nota_melodica-pedal.php\">Nota pedal<\/a><\/li>\n<\/ul>\n<\/li>\n<\/ul>\n","protected":false},"excerpt":{"rendered":"<p>T\u00f3picos relacionados \u00e0 disciplina de Harmonia 1.<\/p>\n","protected":false},"author":1,"featured_media":0,"parent":0,"menu_order":0,"comment_status":"closed","ping_status":"closed","template":"","meta":{"_monsterinsights_skip_tracking":false,"_monsterinsights_sitenote_active":false,"_monsterinsights_sitenote_note":"","_monsterinsights_sitenote_category":0,"footnotes":""},"class_list":["post-730","page","type-page","status-publish","hentry"],"_links":{"self":[{"href":"https:\/\/hugoribeiro.com.br\/index.php\/wp-json\/wp\/v2\/pages\/730","targetHints":{"allow":["GET"]}}],"collection":[{"href":"https:\/\/hugoribeiro.com.br\/index.php\/wp-json\/wp\/v2\/pages"}],"about":[{"href":"https:\/\/hugoribeiro.com.br\/index.php\/wp-json\/wp\/v2\/types\/page"}],"author":[{"embeddable":true,"href":"https:\/\/hugoribeiro.com.br\/index.php\/wp-json\/wp\/v2\/users\/1"}],"replies":[{"embeddable":true,"href":"https:\/\/hugoribeiro.com.br\/index.php\/wp-json\/wp\/v2\/comments?post=730"}],"version-history":[{"count":1,"href":"https:\/\/hugoribeiro.com.br\/index.php\/wp-json\/wp\/v2\/pages\/730\/revisions"}],"predecessor-version":[{"id":731,"href":"https:\/\/hugoribeiro.com.br\/index.php\/wp-json\/wp\/v2\/pages\/730\/revisions\/731"}],"wp:attachment":[{"href":"https:\/\/hugoribeiro.com.br\/index.php\/wp-json\/wp\/v2\/media?parent=730"}],"curies":[{"name":"wp","href":"https:\/\/api.w.org\/{rel}","templated":true}]}}