{"id":732,"date":"2024-02-07T09:32:43","date_gmt":"2024-02-07T12:32:43","guid":{"rendered":"https:\/\/hugoribeiro.com.br\/?page_id=732"},"modified":"2024-02-07T09:32:43","modified_gmt":"2024-02-07T12:32:43","slug":"com-harmonia-2","status":"publish","type":"page","link":"https:\/\/hugoribeiro.com.br\/index.php\/com-harmonia-2\/","title":{"rendered":"Harmonia 2"},"content":{"rendered":"\n<h2 class=\"wp-block-heading\">T\u00f3picos relacionados \u00e0 disciplina de Harmonia 2.<\/h2>\n\n\n\n<ul class=\"wp-block-list\">\n<li><a href=\"https:\/\/hugoribeiro.com.br\/antiga\/COM\/HAR-notas_acrescentadas.php\">Acordes diat\u00f4nicos<\/a> com notas acrescentadas\n<ul class=\"wp-block-list\">\n<li><a href=\"https:\/\/hugoribeiro.com.br\/antiga\/COM\/HAR-notas_acrescentadas-sexta.php\">Tr\u00edade com sexta acrescentada<\/a><\/li>\n\n\n\n<li><a href=\"https:\/\/hugoribeiro.com.br\/antiga\/COM\/HAR-notas_acrescentadas-nona.php\">Tr\u00edade com nona acrescentada<\/a><\/li>\n\n\n\n<li><a href=\"https:\/\/hugoribeiro.com.br\/antiga\/COM\/HAR-acorde_nona.php\">Acordes com nona<\/a><\/li>\n\n\n\n<li><a href=\"https:\/\/hugoribeiro.com.br\/antiga\/COM\/HAR-acorde_decima_primeira.php\">Acordes com d\u00e9cima primeira<\/a><\/li>\n\n\n\n<li><a href=\"https:\/\/hugoribeiro.com.br\/antiga\/COM\/HAR-acorde_decima_terceira.php\">Acordes com d\u00e9cima terceira<\/a><\/li>\n<\/ul>\n<\/li>\n\n\n\n<li><a href=\"https:\/\/hugoribeiro.com.br\/antiga\/COM\/HAR-acorde_suspenso.php\">Acorde suspenso<\/a><\/li>\n\n\n\n<li><a href=\"https:\/\/hugoribeiro.com.br\/antiga\/COM\/HAR-acordes_nao_diatonicos.php\">Acordes n\u00e3o diat\u00f4nicos<\/a><\/li>\n\n\n\n<li><a href=\"https:\/\/hugoribeiro.com.br\/antiga\/COM\/HAR-funcoes_secundarias.php\">Fun\u00e7\u00f5es secund\u00e1rias<\/a>\n<ul class=\"wp-block-list\">\n<li><a href=\"https:\/\/hugoribeiro.com.br\/antiga\/COM\/HAR-funcoes_secundarias-dominante.php\">Dominantes secund\u00e1rias<\/a><\/li>\n\n\n\n<li><a href=\"https:\/\/hugoribeiro.com.br\/antiga\/COM\/HAR-funcoes_secundarias-sensivel.php\">Sens\u00edveis secund\u00e1rias<\/a><\/li>\n<\/ul>\n<\/li>\n\n\n\n<li><a href=\"https:\/\/hugoribeiro.com.br\/antiga\/COM\/HAR-mistura_modo.php\">Mistura de modos<\/a> (Acorde de empr\u00e9stimo modal) &nbsp;<img decoding=\"async\" src=\"https:\/\/hugoribeiro.com.br\/antiga\/imagens\/ok.jpg\" height=\"10\"><\/li>\n\n\n\n<li><a href=\"https:\/\/hugoribeiro.com.br\/antiga\/COM\/HAR-dominante_estendida.php\">Dominantes estendidas<\/a> &nbsp;<img decoding=\"async\" src=\"https:\/\/hugoribeiro.com.br\/antiga\/imagens\/ok.jpg\" height=\"10\"><\/li>\n\n\n\n<li><a href=\"https:\/\/hugoribeiro.com.br\/antiga\/COM\/HAR-substituto_dominante.php\">Substituto da Dominante<\/a> (SubV7) &nbsp;<img decoding=\"async\" src=\"https:\/\/hugoribeiro.com.br\/antiga\/imagens\/ok.jpg\" height=\"10\"><\/li>\n\n\n\n<li><a href=\"https:\/\/hugoribeiro.com.br\/antiga\/COM\/HAR-funcao_auxiliar.php\">Fun\u00e7\u00e3o auxiliar<\/a>\n<ul class=\"wp-block-list\">\n<li><a href=\"https:\/\/hugoribeiro.com.br\/antiga\/COM\/HAR-funcao_auxiliar-dominante.php\">Dominante auxiliar<\/a><\/li>\n\n\n\n<li><a href=\"https:\/\/hugoribeiro.com.br\/antiga\/COM\/HAR-funcao_auxiliar-subV.php\">SubV7 auxiliar<\/a><\/li>\n\n\n\n<li><a href=\"https:\/\/hugoribeiro.com.br\/antiga\/COM\/HAR-funcao_auxiliar-subdominante.php\">Subdominante relativo auxiliar<\/a><\/li>\n<\/ul>\n<\/li>\n\n\n\n<li><a href=\"https:\/\/hugoribeiro.com.br\/antiga\/COM\/HAR-acorde_diminuto.php\">Acorde diminuto<\/a>\n<ul class=\"wp-block-list\">\n<li><a href=\"https:\/\/hugoribeiro.com.br\/antiga\/COM\/HAR-acorde_diminuto-ascendente.php\">Resolu\u00e7\u00e3o ascendente<\/a> (fun\u00e7\u00e3o dominante)<\/li>\n\n\n\n<li><a href=\"https:\/\/hugoribeiro.com.br\/antiga\/COM\/HAR-acorde_diminuto-descendente.php\">Resolu\u00e7\u00e3o descendente<\/a> (n\u00e3o tem fun\u00e7\u00e3o dominante)<\/li>\n\n\n\n<li><a href=\"https:\/\/hugoribeiro.com.br\/antiga\/COM\/HAR-acorde_diminuto-auxiliar.php\">Diminuto auxiliar<\/a><\/li>\n<\/ul>\n<\/li>\n\n\n\n<li><a href=\"https:\/\/hugoribeiro.com.br\/antiga\/COM\/HAR-acorde_interpolado.php\">Acorde interpolado<\/a><\/li>\n\n\n\n<li><a href=\"https:\/\/hugoribeiro.com.br\/antiga\/COM\/HAR-resolucao.php\">Resolu\u00e7\u00e3o direta e indireta<\/a><\/li>\n\n\n\n<li><a href=\"https:\/\/hugoribeiro.com.br\/antiga\/COM\/HAR-tonalidade_vizinha.php\">Tonalidades vizinhas<\/a><img decoding=\"async\" src=\"https:\/\/hugoribeiro.com.br\/antiga\/imagens\/ok.jpg\" height=\"10\">\n<ul class=\"wp-block-list\">\n<li><a href=\"https:\/\/hugoribeiro.com.br\/antiga\/COM\/HAR-tonalidade-relativa.php\">Tonalidades relativas<\/a><\/li>\n\n\n\n<li><a href=\"https:\/\/hugoribeiro.com.br\/antiga\/COM\/HAR-tonalidade-homonima.php\">Tonalidades hom\u00f4nimas<\/a><\/li>\n\n\n\n<li><a href=\"https:\/\/hugoribeiro.com.br\/antiga\/COM\/HAR-tonalidade-enarmonica.php\">Tonalidades enarm\u00f4nicas<\/a><\/li>\n<\/ul>\n<\/li>\n\n\n\n<li><a href=\"https:\/\/hugoribeiro.com.br\/antiga\/COM\/HAR-tonalidade-distante.php\">Tonalidades distantes<\/a><\/li>\n\n\n\n<li><a href=\"https:\/\/hugoribeiro.com.br\/antiga\/COM\/HAR-modulacao.php\">Modula\u00e7\u00e3o<\/a><img decoding=\"async\" src=\"https:\/\/hugoribeiro.com.br\/antiga\/imagens\/ok.jpg\" height=\"10\">\n<ul class=\"wp-block-list\">\n<li><a href=\"https:\/\/hugoribeiro.com.br\/antiga\/COM\/HAR-modulacao-acorde_comum.php\">Acorde comum<\/a> &nbsp;<img decoding=\"async\" src=\"https:\/\/hugoribeiro.com.br\/antiga\/imagens\/ok.jpg\" height=\"10\"><\/li>\n\n\n\n<li><a href=\"https:\/\/hugoribeiro.com.br\/antiga\/COM\/HAR-modulacao-acorde_alterado.php\">Acorde alterado como acorde comum<\/a><\/li>\n\n\n\n<li><a href=\"https:\/\/hugoribeiro.com.br\/antiga\/COM\/HAR-modulacao-sequencial.php\">Sequencial<\/a><\/li>\n\n\n\n<li><a href=\"https:\/\/hugoribeiro.com.br\/antiga\/COM\/HAR-modulacao-nota_comum.php\">Nota comum<\/a><\/li>\n\n\n\n<li><a href=\"https:\/\/hugoribeiro.com.br\/antiga\/COM\/HAR-modulacao-monofonica.php\">Monof\u00f4nica<\/a><\/li>\n\n\n\n<li><a href=\"https:\/\/hugoribeiro.com.br\/antiga\/COM\/HAR-modulacao-direta.php\">Direta<\/a><\/li>\n<\/ul>\n<\/li>\n\n\n\n<li><a href=\"https:\/\/hugoribeiro.com.br\/antiga\/COM\/HAR-marcha_harmonica.php\">Marcha harm\u00f4nica<\/a><\/li>\n\n\n\n<li><a href=\"https:\/\/hugoribeiro.com.br\/antiga\/COM\/HAR-acorde_napolitano.php\">Acorde Napolitano<\/a><\/li>\n\n\n\n<li><a href=\"https:\/\/hugoribeiro.com.br\/antiga\/COM\/HAR-sexta_aumentada.php\">Acordes de sexta aumentada<\/a>\n<ul class=\"wp-block-list\">\n<li><a href=\"https:\/\/hugoribeiro.com.br\/antiga\/COM\/HAR-sexta_aumentada-italiana.php\">Italiana<\/a><\/li>\n\n\n\n<li><a href=\"https:\/\/hugoribeiro.com.br\/antiga\/COM\/HAR-sexta_aumentada-francesa.php\">Francesa<\/a><\/li>\n\n\n\n<li><a href=\"https:\/\/hugoribeiro.com.br\/antiga\/COM\/HAR-sexta_aumentada-alema.php\">Alem\u00e3<\/a><\/li>\n\n\n\n<li><a href=\"https:\/\/hugoribeiro.com.br\/antiga\/COM\/HAR-sexta_aumentada-outros_usos.php\">Outros usos<\/a><\/li>\n<\/ul>\n<\/li>\n\n\n\n<li><a href=\"https:\/\/hugoribeiro.com.br\/antiga\/COM\/HAR-enarmonizacao.php\">Enarmoniza\u00e7\u00e3o<\/a>\n<ul class=\"wp-block-list\">\n<li><a href=\"https:\/\/hugoribeiro.com.br\/antiga\/COM\/HAR-enarmonizacao-reinterpretacao_harmonica.php\">Reinterpreta\u00e7\u00e3o harm\u00f4nica<\/a><\/li>\n\n\n\n<li><a href=\"https:\/\/hugoribeiro.com.br\/antiga\/COM\/HAR-enarmonizacao-modulacao.php\">Modula\u00e7\u00e3o<\/a><\/li>\n<\/ul>\n<\/li>\n\n\n\n<li><a href=\"https:\/\/hugoribeiro.com.br\/antiga\/COM\/HAR-harmonia_cromatica.php\">Harmonia crom\u00e1tica<\/a><\/li>\n\n\n\n<li><a href=\"https:\/\/hugoribeiro.com.br\/antiga\/COM\/HAR-tecnicas_rearmonizacao.php\">T\u00e9cnicas de rearmoniza\u00e7\u00e3o<\/a>\n<ul class=\"wp-block-list\">\n<li><a href=\"https:\/\/hugoribeiro.com.br\/antiga\/COM\/HAR-tecnicas_rearmonizacao-mesma_funcao.php\">Sem mudar sentido harm\u00f4nico<\/a><\/li>\n\n\n\n<li><a href=\"https:\/\/hugoribeiro.com.br\/antiga\/COM\/HAR-tecnicas_rearmonizacao-acresc_nota.php\">Acrescentando notas aos acordes existentes<\/a><\/li>\n\n\n\n<li><a href=\"https:\/\/hugoribeiro.com.br\/antiga\/COM\/HAR-tecnicas_rearmonizacao-muda_funcao.php\">Mudando o sentido harm\u00f4nico<\/a><\/li>\n\n\n\n<li><a href=\"https:\/\/hugoribeiro.com.br\/antiga\/COM\/HAR-tecnicas_rearmonizacao-uma_nota-acorde.php\">Uma nota por acorde<\/a><\/li>\n<\/ul>\n<\/li>\n<\/ul>\n","protected":false},"excerpt":{"rendered":"<p>T\u00f3picos relacionados \u00e0 disciplina de Harmonia 2.<\/p>\n","protected":false},"author":1,"featured_media":0,"parent":0,"menu_order":0,"comment_status":"closed","ping_status":"closed","template":"","meta":{"_monsterinsights_skip_tracking":false,"_monsterinsights_sitenote_active":false,"_monsterinsights_sitenote_note":"","_monsterinsights_sitenote_category":0,"footnotes":""},"class_list":["post-732","page","type-page","status-publish","hentry"],"_links":{"self":[{"href":"https:\/\/hugoribeiro.com.br\/index.php\/wp-json\/wp\/v2\/pages\/732","targetHints":{"allow":["GET"]}}],"collection":[{"href":"https:\/\/hugoribeiro.com.br\/index.php\/wp-json\/wp\/v2\/pages"}],"about":[{"href":"https:\/\/hugoribeiro.com.br\/index.php\/wp-json\/wp\/v2\/types\/page"}],"author":[{"embeddable":true,"href":"https:\/\/hugoribeiro.com.br\/index.php\/wp-json\/wp\/v2\/users\/1"}],"replies":[{"embeddable":true,"href":"https:\/\/hugoribeiro.com.br\/index.php\/wp-json\/wp\/v2\/comments?post=732"}],"version-history":[{"count":1,"href":"https:\/\/hugoribeiro.com.br\/index.php\/wp-json\/wp\/v2\/pages\/732\/revisions"}],"predecessor-version":[{"id":733,"href":"https:\/\/hugoribeiro.com.br\/index.php\/wp-json\/wp\/v2\/pages\/732\/revisions\/733"}],"wp:attachment":[{"href":"https:\/\/hugoribeiro.com.br\/index.php\/wp-json\/wp\/v2\/media?parent=732"}],"curies":[{"name":"wp","href":"https:\/\/api.w.org\/{rel}","templated":true}]}}