{"id":735,"date":"2024-02-07T09:34:10","date_gmt":"2024-02-07T12:34:10","guid":{"rendered":"https:\/\/hugoribeiro.com.br\/?page_id=735"},"modified":"2024-02-07T09:34:11","modified_gmt":"2024-02-07T12:34:11","slug":"com-conducao-de-vozes","status":"publish","type":"page","link":"https:\/\/hugoribeiro.com.br\/index.php\/com-conducao-de-vozes\/","title":{"rendered":"Condu\u00e7\u00e3o de Vozes"},"content":{"rendered":"\n<h2 class=\"wp-block-heading\">T\u00f3picos relacionados \u00e0 t\u00e9cnica de condu\u00e7\u00e3o de vozes polif\u00f4nica<\/h2>\n\n\n\n<ul class=\"wp-block-list\">\n<li><a href=\"https:\/\/hugoribeiro.com.br\/antiga\/COM\/CV-satb.php\">Sistema SATB de nota\u00e7\u00e3o para exerc\u00edcios de harmonia<\/a><\/li>\n\n\n\n<li><a href=\"https:\/\/hugoribeiro.com.br\/antiga\/COM\/CV-baixo_cifrado.php\">Baixo Cifrado<\/a><img decoding=\"async\" src=\"https:\/\/hugoribeiro.com.br\/antiga\/imagens\/ok.jpg\" height=\"10\">\n<ul class=\"wp-block-list\">\n<li><a href=\"https:\/\/hugoribeiro.com.br\/antiga\/COM\/CV-CV-baixo_cifrado-pos_fund.php\">Posi\u00e7\u00e3o fundamental<\/a><\/li>\n\n\n\n<li><a href=\"https:\/\/hugoribeiro.com.br\/antiga\/COM\/CV-CV-baixo_cifrado-pri_inv.php\">Primeira invers\u00e3o<\/a><\/li>\n\n\n\n<li><a href=\"https:\/\/hugoribeiro.com.br\/antiga\/COM\/CV-CV-baixo_cifrado-seg_inv.php\">Segunda invers\u00e3o<\/a><\/li>\n\n\n\n<li><a href=\"https:\/\/hugoribeiro.com.br\/antiga\/COM\/CV-CV-baixo_cifrado-ter_inv.php\">Terceira invers\u00e3o<\/a><\/li>\n<\/ul>\n<\/li>\n\n\n\n<li><a href=\"https:\/\/hugoribeiro.com.br\/antiga\/COM\/CV-dobramento.php\">Dobramentos<\/a><\/li>\n\n\n\n<li><a href=\"https:\/\/hugoribeiro.com.br\/antiga\/COM\/CV-supressao.php\">Supress\u00f5es<\/a>&nbsp;<img decoding=\"async\" src=\"https:\/\/hugoribeiro.com.br\/antiga\/imagens\/ok.jpg\" height=\"10\"><\/li>\n\n\n\n<li><a href=\"https:\/\/hugoribeiro.com.br\/antiga\/COM\/CV-espacamento.php\">Espa\u00e7amento<\/a>&nbsp;<img decoding=\"async\" src=\"https:\/\/hugoribeiro.com.br\/antiga\/imagens\/ok.jpg\" height=\"10\"><\/li>\n\n\n\n<li><a href=\"https:\/\/hugoribeiro.com.br\/antiga\/COM\/CV-movimento_vozes.php\">Movimento das vozes<\/a>\n<ul class=\"wp-block-list\">\n<li><a href=\"https:\/\/hugoribeiro.com.br\/antiga\/COM\/CV-movimento_vozes-estatico.php\">Est\u00e1tico<\/a><\/li>\n\n\n\n<li><a href=\"https:\/\/hugoribeiro.com.br\/antiga\/COM\/CV-movimento_vozes-paralelo.php\">Paralelo<\/a>&nbsp;<img decoding=\"async\" src=\"https:\/\/hugoribeiro.com.br\/antiga\/imagens\/ok.jpg\" height=\"10\"><\/li>\n\n\n\n<li><a href=\"https:\/\/hugoribeiro.com.br\/antiga\/COM\/CV-movimento_vozes-direto.php\">Direto<\/a><\/li>\n\n\n\n<li><a href=\"https:\/\/hugoribeiro.com.br\/antiga\/COM\/CV-movimento_vozes-obliquo.php\">Obl\u00edquo<\/a><\/li>\n\n\n\n<li><a href=\"https:\/\/hugoribeiro.com.br\/antiga\/COM\/CV-movimento_vozes-contrario.php\">Contr\u00e1rio<\/a><\/li>\n<\/ul>\n<\/li>\n\n\n\n<li><a href=\"https:\/\/hugoribeiro.com.br\/antiga\/COM\/CV-triades-pos_fund.php\">Condu\u00e7\u00e3o de vozes de tr\u00edades em estado fundamental<\/a>\n<ul class=\"wp-block-list\">\n<li><a href=\"https:\/\/hugoribeiro.com.br\/antiga\/COM\/CV-triades-pos_fund-nota_comum.php\">Acordes com nota comum<\/a><\/li>\n\n\n\n<li><a href=\"https:\/\/hugoribeiro.com.br\/antiga\/COM\/CV-triades-pos_fund-sem_nota_comum.php\">Acordes sem nota comum<\/a><\/li>\n<\/ul>\n<\/li>\n\n\n\n<li><a href=\"https:\/\/hugoribeiro.com.br\/antiga\/COM\/CV-cruzamento.php\">Cruzamento de vozes<\/a><\/li>\n<\/ul>\n","protected":false},"excerpt":{"rendered":"<p>T\u00f3picos relacionados \u00e0 t\u00e9cnica de condu\u00e7\u00e3o de vozes polif\u00f4nica<\/p>\n","protected":false},"author":1,"featured_media":0,"parent":0,"menu_order":0,"comment_status":"closed","ping_status":"closed","template":"","meta":{"_monsterinsights_skip_tracking":false,"_monsterinsights_sitenote_active":false,"_monsterinsights_sitenote_note":"","_monsterinsights_sitenote_category":0,"footnotes":""},"class_list":["post-735","page","type-page","status-publish","hentry"],"_links":{"self":[{"href":"https:\/\/hugoribeiro.com.br\/index.php\/wp-json\/wp\/v2\/pages\/735","targetHints":{"allow":["GET"]}}],"collection":[{"href":"https:\/\/hugoribeiro.com.br\/index.php\/wp-json\/wp\/v2\/pages"}],"about":[{"href":"https:\/\/hugoribeiro.com.br\/index.php\/wp-json\/wp\/v2\/types\/page"}],"author":[{"embeddable":true,"href":"https:\/\/hugoribeiro.com.br\/index.php\/wp-json\/wp\/v2\/users\/1"}],"replies":[{"embeddable":true,"href":"https:\/\/hugoribeiro.com.br\/index.php\/wp-json\/wp\/v2\/comments?post=735"}],"version-history":[{"count":1,"href":"https:\/\/hugoribeiro.com.br\/index.php\/wp-json\/wp\/v2\/pages\/735\/revisions"}],"predecessor-version":[{"id":736,"href":"https:\/\/hugoribeiro.com.br\/index.php\/wp-json\/wp\/v2\/pages\/735\/revisions\/736"}],"wp:attachment":[{"href":"https:\/\/hugoribeiro.com.br\/index.php\/wp-json\/wp\/v2\/media?parent=735"}],"curies":[{"name":"wp","href":"https:\/\/api.w.org\/{rel}","templated":true}]}}